se
Is 12 a factor of 372?
True
Does 2 divide 27?
False
Does 262 divide 99096?
False
Does 56 divide 43985?
False
Does 42 divide 756?
True
Is 3195 a multiple of 5?
True
Is 343 a factor of 28469?
True
Is 78 a factor of 52273?
False
Is 2978 a multiple of 8?
False
Does 6 divide 290?
False
Is 2550 a multiple of 50?
True
Is 2304 a multiple of 18?
True
Does 77 divide 14857?
False
Does 8 divide 120?
True
Is 67 a factor of 26581?
False
Is 36 a factor of 2282?
False
Is 7 a factor of 1071?
True
Does 26 divide 2028?
True
Is 42 a factor of 445?
False
Is 57 a factor of 2109?
True
Is 6 a factor of 1532?
False
Is 5 a factor of 1411?
False
Is 99 even?
False
Is 34 a factor of 102?
True
Is 6026 a multiple of 171?
False
Does 17 divide 49?
False
Does 32 divide 608?
True
Is 9 a factor of 90?
True
Does 47 divide 378?
False
Is 11995 a multiple of 28?
False
Does 76 divide 4256?
True
Does 73 divide 2263?
True
Does 10 divide 38370?
True
Does 3 divide 944?
False
Does 12 divide 929?
False
Is 298 a multiple of 2?
True
Is 16118 a multiple of 7?
False
Is 1620 a multiple of 15?
True
Does 6 divide 2262?
True
Is 10296 a multiple of 234?
True
Does 17 divide 629?
True
Is 27 a factor of 53057?
False
Does 3 divide 1713?
True
Is 16715 a multiple of 121?
False
Is 23974 a multiple of 6?
False
Is 6 a factor of 112?
False
Is 3 a factor of 60?
True
Is 43 a factor of 5943?
False
Does 8 divide 24835?
False
Is 25 a factor of 27667?
False
Does 10 divide 1910?
True
Does 10 divide 7322?
False
Does 55 divide 136070?
True
Is 39 a factor of 7410?
True
Is 540 a multiple of 18?
True
Is 49 a factor of 2151?
False
Does 6 divide 115?
False
Is 262 a multiple of 8?
False
Is 7 a factor of 322?
True
Does 31 divide 872?
False
Does 46 divide 1518?
True
Is 10 a factor of 17860?
True
Is 108 a factor of 7020?
True
Does 28 divide 58273?
False
Is 742 a multiple of 7?
True
Does 17 divide 2244?
True
Is 12 a factor of 120?
True
Is 613 a multiple of 24?
False
Is 60060 a multiple of 156?
True
Does 96 divide 5284?
False
Is 2 a factor of 144?
True
Is 217 a multiple of 6?
False
Is 115 a factor of 1218?
False
Does 8 divide 4428?
False
Is 53 a factor of 212?
True
Is 660 a multiple of 55?
True
Does 5 divide 168?
False
Is 690 a multiple of 46?
True
Is 3 a factor of 141?
True
Does 18 divide 2500?
False
Is 9 a factor of 18?
True
Does 97 divide 5238?
True
Is 52 a factor of 13552?
False
Does 3 divide 3016?
False
Is 5 a factor of 13325?
True
Is 7916 a multiple of 18?
False
Is 7896 a multiple of 47?
True
Is 16576 a multiple of 32?
True
Does 50 divide 50692?
False
Does 10 divide 3992?
False
Does 135 divide 334?
False
Is 16875 a multiple of 75?
True
Is 272 a multiple of 56?
False
Does 72 divide 8640?
True
Is 12717 a multiple of 184?
False
Does 8 divide 1128?
True
Is 1518 a multiple of 46?
True
Is 18 a factor of 13461?
False
Is 5 a factor of 1298?
False
Is 8 a factor of 208?
True
Is 279 a multiple of 8?
False
Does 21 divide 1722?
True
Is 1824 even?
True
Is 10 a factor of 12900?
True
Is 95 a factor of 493?
False
Is 22720 a multiple of 28?
False
Does 22 divide 551?
False
Is 32 a factor of 96?
True
Is 4 a factor of 2611?
False
Is 775 a multiple of 6?
False
Is 4 a factor of 9546?
False
Does 12 divide 2136?
True
Is 12583 a multiple of 77?
False
Does 21 divide 14427?
True
Is 191 a multiple of 4?
False
Is 14 a multiple of 14?
True
Does 29 divide 10954?
False
Is 42 a factor of 12742?
False
Is 7 a factor of 1001?
True
Is 70 a factor of 1523?
False
Is 40 a factor of 123160?
True
Is 381 a multiple of 38?
False
Is 57 a factor of 10315?
False
Is 17 a factor of 68?
True
Does 15 divide 525?
True
Is 15013 a multiple of 58?
False
Does 32 divide 4358?
False
Does 53 divide 27934?
False
Is 30 a factor of 741?
False
Is 44 a factor of 16263?
False
Does 24 divide 40080?
True
Is 13 a factor of 25598?
False
Does 89 divide 5193?
False
Is 113 a factor of 3729?
True
Is 725 a multiple of 29?
True
Does 16 divide 42?
False
Is 3 a factor of 1155?
True
Is 203 a factor of 51992?
False
Is 25 a factor of 1300?
True
Is 101448 a multiple of 72?
True
Is 29 a factor of 2030?
True
Is 93 a factor of 22212?
False
Does 5 divide 216?
False
Is 27 a factor of 25191?
True
Is 582 a multiple of 39?
False
Does 4 divide 219?
False
Is 14442 a multiple of 6?
True
Is 1201 a multiple of 10?
False
Is 56238 a multiple of 13?
True
Does 76 divide 1368?
True
Does 155 divide 73027?
False
Is 900 a multiple of 20?
True
Does 190 divide 5574?
False
Is 2300 a multiple of 92?
True
Is 9 a factor of 11010?
False
Is 12 a factor of 1907?
False
Does 90 divide 14310?
True
Is 11 a factor of 117?
False
Does 47 divide 32068?
False
Does 57 divide 4674?
True
Is 3 a factor of 258?
True
Is 43 a factor of 6539?
False
Is 1755 a multiple of 39?
True
Is 301 a multiple of 26?
False
Is 9 a factor of 29898?
True
Is 3 a factor of 729?
True
Is 15 a factor of 10005?
True
Is 58 a factor of 1470?
False
Is 4435 a multiple of 8?
False
Does 76 divide 1444?
True
Is 4 a factor of 92?
True
Is 45 a factor of 7245?
True
Is 26234 a multiple of 26?
True
Is 109 a factor of 106177?
False
Is 29 a factor of 15472?
False
Does 28 divide 349?
False
Is 7490 a multiple of 14?
True
Is 5040 a multiple of 10?
True
Does 62 divide 124?
True
Is 17 a factor of 2936?
False
Is 7461 a multiple of 2?
False
Does 92 divide 184?
True
Is 50 a factor of 20100?
True
Is 8 a factor of 4138?
False
Is 12 a factor of 216?
True
Is 4640 a multiple of 160?
True
Does 4 divide 2188?
True
Is 25576 a multiple of 46?
True
Does 16 divide 20604?
False
Does 101 divide 10814?
False
Does 16 divide 31305?
False
Is 11007 a multiple of 41?
False
Is 18 a factor of 2034?
True
Is 336 a multiple of 8?
True
Is 980 a multiple of 28?
True
Is 3536 a multiple of 18?
False
Is 31 a factor of 44352?
False
Is 92 a factor of 9520?
False
Is 3 a factor of 232?
False
Does 204 divide 27235?
False
Does 100 divide 957?
False
Does 12 divide 32116?
False
Is 290 a multiple of 5?
True
Is 4 a factor of 3284?
True
Does 25 divide 778?
False
Is 3724 a multiple of 149?
False
Is 1760 a multiple of 88?
True
Does 12 divide 316?
False
Is 63 a factor of 2453?
False
Is 79 a multiple of 2?
False
Does 19 divide 209?
True
Is 403 a multiple of 31?
True
Is 5567 a multiple of 175?
False
Is 826 a multiple of 11?
False
Does 94 divide 7451?
False
Is 529 a multiple of 11?
False
Is 1277 a multiple of 18?
False
Is 1600 a multiple of 20?
True
Does 179 divide 19332?
True
Is 4670 a multiple of 31?
False
Does 41 divide 571?
False
Does 84 divide 8652?
True
Is 7 a factor of 2876?
False
Does 25 divide 3125?
True
Is 149 a factor of 60792?
True
Is 15 a factor of 9227?
False
Is 37565 a multiple of 58?
False
Does 77 divide 2387?
True
Does 24 divide 215?
False
Is 24 a factor of 668?
False
Is 131 a factor of 9825?
True
Does 9 divide 426?
False
Is 16656 a multiple of 8?
True
Does 6 divide 21898?
False
Does 22 divide 6199?
False
Is 29 a factor of 6322?
True
Is 7 a factor of 372?
False
Is 30 a multiple of 6?
True
Does 66 divide 11748?
True
Is 2044 a multiple of 14?
True
Is 7 a factor of 644?
True
Does 3 divide 2298?
True
Is 1188 a multiple of 22?
True
Is 119 a factor of 15293?
False
Is 7369 a multiple of 13?
False
Is 63 a factor of 4788?
True
Does 10 divide 4206?
False
Is 58 a factor of 174?
True
Is 20 a factor of 34860?
True
Is 73 a factor of 633?
False
Does 13 divide 10062?
True
Does 115 divide 11500?
True
Is 870 a multiple of 5?
True
Does 17 divide 53275?
False
Is 322 even?
True
Is 2 a factor of 248?
True
Is 221 a multiple of 34?
False
Does 15 divide 276?
False
Is 675 a multiple of 6?
False
Is 35 a factor of 46?
False
Is 6753 a multiple of 162?
False
Does 3 divide 279?
True
Is 4189 a multiple of 10?
False
Is 34 a factor of 13532?
True
Is 15228 a multiple of 18?
True
Is 107 a factor of 2057?
False
Is 37 a factor of 991?
False
Is 1135 a multiple of 33?
False
Is 11 a factor of 9581?
True
Does 12 divide 1256?
False
Is 260 a multiple of 26?
True
Is 315 a multiple of 16?
False
Is 457 a multiple of 113?
False
Is 420 a multiple of 14?
True
Does 40 divide 789?
False
Is 117 a factor of 585?
True
Is 69 a factor of 3174?
True
Is 47 a factor of 21058?
False
Is 13 a factor of 683?
False
Is 8 a factor of 46?
False
Is 230 a factor of 33111?
False
Is 45 a factor of 3330?
True
Does 103 divide 32136?
True
Is 1067 a multiple of 24?
False
Does 58 divide 3